*j. Calculate the remainder when j is divided by 16.
13
Suppose t - 3 - 1 = 5*b, -2*t = -b - 17. Let z = -18 - -33. Calculate the remainder when z is divided by ((-18)/(-10))/(t/30).
3
Let u(t) = -t**3 - 3*t**2 - 4*t - 7. What is the remainder when 7 is divided by u(-3)?
2
Suppose -7*o = -2*o - 5. What is the remainder when 3*-3*(-2)/9 is divided by o?
0
Suppose 4*z = -5*n - 8, 14 = 2*n - 5*z + 4. Suppose -3*q + 4*q - 10 = n. What is the remainder when 18 is divided by q?
8
Let d = 34 - 23. What is the remainder when d is divided by 7?
4
Let b(n) be the second derivative of n**4/12 - 3*n**3/2 - 11*n**2/2 - n. Calculate the remainder when 20 is divided by b(11).
9
Suppose -69 = -4*y - 17. What is the remainder when 62 is divided by y?
10
Let i be 3 + 1 + -2 - 1. Suppose -p + 0*p = -i. Let q = 13 - 11. Calculate the remainder when q is divided by p.
0
Let c(g) = -g**3 + 14*g**2 + 6*g - 17. Calculate the remainder when c(14) is divided by 18.
13
Let x(m) = m**2 - 2*m + 3. Let o = 15 + -11. Calculate the remainder when o is divided by x(2).
1
Suppose -2*z = -5*z + 231. Calculate the remainder when z is divided by 27.
23
Let p = -120 + 175. Calculate the remainder when p is divided by 19.
17
Suppose 0 = x + 4*x - 100. Let t(w) = w**2 + 5*w - 2. Let v be t(-6). Suppose -4*r = n - 47, 3 = 2*r - 5*n - v. Calculate the remainder when x is divided by r.
9
Suppose -12*q = -q - 1166. Calculate the remainder when q is divided by 18.
16
Let f(s) = -s. Let m = -10 + 15. Let c = m + -2. What is the remainder when f(-10) is divided by c?
1
Suppose -g - 4*p = 0, 29 = 5*g - 2*p + 7. Suppose 2 - g = -t. Calculate the remainder when t is divided by 2.
0
Suppose 3*f - 23 = 175. Suppose -2*y = -5*y + f. Calculate the remainder when y is divided by 12.
10
Suppose 4*y + 0*y + 4 = 2*f, -2*y + 6 = 0. Suppose 0 = -9*t + 3*t + 132. Calculate the remainder when t is divided by f.
6
Let s(a) = 22*a + 14. Calculate the remainder when s(5) is divided by 21.
19
Calculate the remainder when 46 is divided by (9 + -13)*14/(-8).
4
Let k(u) = -u**3 + 11*u**2 - 18*u + 4. Calculate the remainder when k(6) is divided by 26.
24
Let i(l) = 14*l + 8. Let b = 27 + -19. Let a be i(b). Suppose 0 = 5*m + 5 - a. Calculate the remainder when m is divided by 8.
7
Suppose -c + 11 = -21. Suppose -u + c = -3*t, 6 = t - u + 20. Let o = 14 + t. Calculate the remainder when 7 is divided by o.
2
Let a(q) = -q - 7. Let m be a(-10). Suppose -4*v - 48 = -m*p, 5*p - 3*v - 24 - 67 = 0. What is the remainder when 59 is divided by p?
19
Suppose 0 = o + 2*s - 11, -o - 5 = -0*o - 2*s. Suppose -26 - 25 = -o*x. Let n = 37 + -31. Calculate the remainder when x is divided by n.
5
Let u(h) = -h - 8. Let m be u(7). Let b = m - -44. What is the remainder when b is divided by 10?
9
Let s = 26 + -26. Suppose -2*k = -k + 4, s = -q + k + 11. Calculate the remainder when 27 is divided by q.
6
Suppose -2*t - 46 = -3*o, 0 = -4*o + 2*o - 5*t + 18. Calculate the remainder when o is divided by 6.
2
Let p be 1 + (-2 + -1)/(-1). Suppose -l = p*l - 10. What is the remainder when (-1 - 0)/((-1)/5) is divided by l?
1
Suppose -19*g + 150 + 363 = 0. Suppose -3*k + 5*j + 10 = 0, 3*k + 5*j = 41 + 9. What is the remainder when g is divided by k?
7
Suppose -x = 4*l - 17, -l = 5*x - 8 - 20. Calculate the remainder when 9 is divided by l.
0
Suppose 4*z + z + 161 = -4*a, -2*a + 137 = -5*z. Let p = z + 64. Calculate the remainder when p is divided by -3*(-3)/18*38.
16
Suppose -p = 5*n - 6, 2*n - 51 = -2*p + 5*n. Suppose 302 = 4*q - 26. What is the remainder when q is divided by p?
19
Let p(t) = t - 12. Let b be p(14). Calculate the remainder when 6 is divided by ((-1)/b)/((-5)/20).
0
Let m = -66 + 97. Let q be (-4)/(-26) - 310/(-13). Let f = m + q. What is the remainder when f is divided by 19?
17
Suppose 0 = -b + 5*l - 8, 0 = -5*b - 4*l + 145 - 40. Let s = -54 + 104. Calculate the remainder when s is divided by b.
16
Suppose 9*x - 27 = 6*x. Calculate the remainder when x is divided by 5.
4
Let j = 138 + -56. What is the remainder when j is divided by 14?
12
Let i(z) = z - 2*z + 0*z - 3. Calculate the remainder when 1 + -1 + (-2)/(-1) is divided by i(-4).
0
Suppose -5*t + 60 = -5*f, 2*f + 25 = 3*t - 16. Let p = 551 - 221. Suppose 0 = -3*u - k + 200, -k + p = 7*u - 2*u. What is the remainder when u is divided by t?
14
Let z(h) be the third derivative of 11*h**6/60 - h**4/24 + 8*h**2. What is the remainder when 82 is divided by z(1)?
19
Let y(j) = -j + 7. Suppose -5*i - 2 = -27. Calculate the remainder when i is divided by y(3).
1
Let x(g) = -g**3 + 14*g**2 - 14*g - 7. Calculate the remainder when x(12) is divided by 38.
37
Suppose 36 = -14*s + 17*s. Calculate the remainder when 46 is divided by s.
10
Suppose -4 = -4*s - 2*n + 86, 0 = -s + 3*n + 5. Suppose 3*h - s = 5*u, -46 = -5*h - u + 3*u. Calculate the remainder when 28 is divided by h.
8
What is the remainder when 22 is divided by (-54)/90 + (-68)/(-5)?
9
Let s = 73 - 57. Calculate the remainder when 59 is divided by s.
11
Let o(x) = x**2 + 1. Calculate the remainder when o(4) is divided by 0*(-4)/8 + 6.
5
Let l = 20 + -10. Suppose 6*d = d + 95. Suppose 3*f = 2*a - 17 - d, 2*a - 36 = 5*f. What is the remainder when a is divided by l?
8
Let w be 2/12*2*21. Suppose s = -0*s + w. What is the remainder when 27 is divided by s?
6
Let s = 24 - -1. Let y(d) = -2*d + 13. Calculate the remainder when s is divided by y(0).
12
Let j = 24 + -18. Let q(z) = 3*z - 4. Let g(k) = 42*k**3 - k. Calculate the remainder when g(1) is divided by q(j).
13
Let b(d) = -10*d + 3. Let q(c) = -20*c + 5. Let t(w) = 5*b(w) - 3*q(w). Let u = -10 - -11. Calculate the remainder when 18 is divided by t(u).
8
Suppose 3*g + 58 = -74. Let l = g + 71. What is the remainder when l is divided by 10?
7
Suppose 15 = j + 3*p, 2*j = -p + 16 + 14. Calculate the remainder when 74 is divided by j.
14
Suppose -2*d = b - 166, 63 = b - 4*d - 127. Suppose -3*k = 3*c - 57, 0 = 5*c - 3*k + 47 - b. What is the remainder when c is divided by 25/3 - (-2)/(-6)?
7
Suppose 2*m + 5*t = 68, 2*m - 82 = t + 10. Let s = -12 + m. Calculate the remainder when s is divided by 11.
10
Let a(z) = 2*z**3 + z**2 - 1. Let d be a(-1). Let i(y) = -21*y - 4. What is the remainder when i(d) is divided by 10?
8
Suppose -107 = -3*i + 2*l, -2*l = 5*i + 12 - 185. Let r be 2/(-7) + 605/i. Calculate the remainder when (r*1)/(7/14) is divided by 9.
7
Let r(z) = -4 + 3 + 0 + z. Calculate the remainder when 23 is divided by r(7).
5
What is the remainder when 52 is divided by (11 - -8) + (1 - 2)?
16
Suppose 37 = -7*b + 128. Calculate the remainder when b is divided by 5.
3
Let b = -4 - -18. What is the remainder when 27 is divided by b?
13
Let a(h) = 20*h - 1. Let r be a(-3). Let q = -42 - r. What is the remainder when q is divided by 5?
4
Let q = -2 - -10. Let b be (-16)/(-56) - 40/(-7). What is the remainder when (b/15)/((-2)/(-70)) is divided by q?
6
Let d(i) = i**3 + 6*i**2 + 2*i - 1. Let f(q) = -24*q + 16. Let u(p) = p - 1. Let l(y) = f(y) + 16*u(y). What is the remainder when d(-4) is divided by l(-1)?
7
Calculate the remainder when 20 is divided by (-3 - -6)/((-6)/(-14)).
6
What is the remainder when 49 is divided by 4 - (5 + -2 - 25)?
23
Suppose t - 59 = -4*g + 48, -g + 23 = -t. Calculate the remainder when g is divided by 16.
10
Suppose 0*d = 2*d + 3*g - 37, 0 = -5*d - 3*g + 88. What is the remainder when d is divided by 9?
8
Let z be -3 - (-3)/(-6)*4. What is the remainder when 116/7 - 12/21 is divided by 9/2*(-10)/z?
7
Let z(l) = -l**3 - 5*l**2 + 5*l + 2. Let v be z(-6). Suppose -60 = 3*d - v*d. What is the remainder when 23 is divided by d?
11
Let s(m) = 10*m**2 - 3*m - 11. Calculate the remainder when s(-2) is divided by 31.
4
Let k(f) be the third derivative of -f**4/24 + f**3 - 2*f**2. Let r be k(5). What is the remainder when (-4)/(-2) - r - -2 is divided by 2?
1
Let p(w) = -w - 3. Let d be p(-4). Let f(h) = 36*h**3 - h**2 + h. What is the remainder when f(d) is divided by 13?
10
What is the remainder when 31 is divided by (-2)/(-4) + (132/(-8))/(-1)?
14
Let v = -69 + 78. Calculate the remainder when 52 is divided by v.
7
Let s(p) be the third derivative of -5*p**4/12 - 2*p**3 + 3*p**2. Let j be s(9). What is the remainder when 3*(j/(-9) - -3) is divide